er when k(5) is divided by 1/2*(14 + d)?
5
Suppose 0 = -w - 2*l - 69, -2*w + 3*l - 143 = 8*l. Let g = -37 - w. Calculate the remainder when 87 is divided by g.
21
Suppose -26*k = -22*k - 80. Suppose 2*u = 5 - 1. Suppose 184 = 3*q - 2*p, -217 = -4*q - u*p - p. What is the remainder when q is divided by k?
18
Suppose 80 = -4*u - 3*j - 9, 5*u - 3*j + 118 = 0. Let b be u - 2/(-3)*3. Let h = b - -35. What is the remainder when 27 is divided by h?
13
Suppose 0 = y - 5, 0*y + 193 = 4*s + y. Calculate the remainder when s is divided by (-3)/(-9) - (7 + (-285)/9).
22
Let b(v) = -v - 8. What is the remainder when 34 is divided by b(-17)?
7
Suppose -7*r + 16 = -3*r. Let d = r + 1. Suppose -d*b + 3 + 7 = 0. Calculate the remainder when b is divided by 1.
0
Suppose -3*k + 4*k - 34 = 0. Suppose 3*b + 0*g + g - 22 = 0, 2*b + 4*g + 2 = 0. What is the remainder when k is divided by b?
7
Suppose 4*c + r = 3*r + 46, r - 19 = -c. Calculate the remainder when 26 is divided by c.
12
Let l(g) = g**2 + 3*g - 2. Let b = -11 - -26. What is the remainder when b is divided by l(2)?
7
Suppose 4*b = -7 - 9, -3*b = 5*k - 8. Suppose -5*v + k*r = -73, -3*r + 16 = v - 10. Suppose 3*t - v = 16. What is the remainder when t is divided by 7?
4
Calculate the remainder when ((-30)/(-20))/((-3)/(-20)) is divided by 6.
4
Let t be (36/8)/(1/(-2)). Calculate the remainder when -33*3/t*3 is divided by 7.
5
Calculate the remainder when -8*(-4)/2 + 2/(-1) is divided by 9.
5
Suppose -2*a + 2*c + 2*c = -26, -3*a - 3*c = 6. Let v = 4 - 5. Let h = a + v. Calculate the remainder when h is divided by 2.
0
Suppose -2*n + 4*n = 2*z + 62, 3*z + 151 = 5*n. Let d = 3 + n. Suppose -2*a + 34 = -0*a. Calculate the remainder when d is divided by a.
15
Suppose 3*y - 2*x = 5*y - 62, 5*y = -3*x + 149. What is the remainder when y is divided by 9?
1
Suppose u - 3 = 18. What is the remainder when 60 is divided by u?
18
Let x = 5 + 0. Let b(m) = 2 + 3*m - 2*m - 3*m + 7*m. What is the remainder when b(x) is divided by 14?
13
What is the remainder when 55 is divided by 0/(-19) + 1 + 28?
26
Let x(i) = 5*i**2 + 3*i - 1. Let v(a) = a - 1. Let b be v(6). Suppose -n = -4*o + 13, -4*o + 28 = -3*n + b. Calculate the remainder when x(o) is divided by 9.
7
Let p = 89 + -87. Let b(x) = -x**2 + 7*x - 3. Let g be b(6). Let o = g + -2. What is the remainder when p is divided by o?
0
Suppose -2*t = 5*t - 182. Calculate the remainder when t is divided by 7.
5
Let y be 2/(-7) + (-15)/21. Let x(i) = -i + 1. Let f be x(y). Suppose 5*s = -f*c - 2*c + 100, 0 = s - 2*c - 20. What is the remainder when 39 is divided by s?
19
Let m(u) = -u**3 - 8*u**2 - 7*u + 16. Let o be -4 + (16/(-4) - -1). Calculate the remainder when -9*2*10/(-6) is divided by m(o).
14
Let n(g) = g**3 + 12*g**2 - 13*g + 22. What is the remainder when n(-13) is divided by 14?
8
Suppose -4*p + 3*x = -24, p = 5*x - 0*x + 23. Suppose -p = -3*d + 3. Calculate the remainder when 6 is divided by d.
0
Let q be (-4 + -1 - -2)/(-1). Let h = q - 0. Suppose -3*l - 5*u = -17 - 27, h*u = 12. What is the remainder when l is divided by 3?
2
Suppose -5*m + 28 = 2*f, 0 = 5*m + 3*f - 31 + 4. Calculate the remainder when m is divided by (-55)/(-10) + 6/(-4).
2
Suppose 342 = -3*y - 2*f - 111, 3*f = -4*y - 603. Let x = y - -222. What is the remainder when x is divided by 18?
15
What is the remainder when 25 is divided by 35*((-12)/(-5) - 2)?
11
Let c = 7 + -6. What is the remainder when 45 is divided by 22 - (c - 2 - 0)?
22
Suppose -7*r = -250 + 82. Let z = -25 - -86. Let p = z - 14. Calculate the remainder when p is divided by r.
23
Calculate the remainder when (9/12)/((-3)/(-108)) is divided by (-2 - -10)*(-7)/(-4).
13
Let p(f) = -48*f - 12. Let l be p(-5). What is the remainder when 35 is divided by (l/(-18))/((-2)/3)?
16
Let g(x) = 3*x - 2. Let c(b) = 7*b - 5. Let z(s) = -3*c(s) + 5*g(s). Let t be z(-10). Suppose -2*i = 3*i - t. Calculate the remainder when 24 is divided by i.
11
Let o = 10 - 8. Suppose 0 = -o*k - k + 87. Calculate the remainder when k is divided by 8.
5
Suppose -402 = -4*o - 26. Calculate the remainder when o is divided by 14.
10
Let p = -1 + -3. Let q = p - -41. Suppose -5*f + 18 = 2*h, -5*h + 8 + q = f. What is the remainder when 26 is divided by h?
8
Let t(h) = h**2 + h - 45. Let l(m) = -m**2 - 3*m - 2. Let v be l(-2). Let i be t(v). Let p = 66 + i. Calculate the remainder when p is divided by 11.
10
Let i(n) = -n**2 - n - 1. Let j(d) = d**3 - 4*d**2 + 9*d - 1. Let m(g) = 2*i(g) + j(g). Calculate the remainder when m(5) is divided by 5.
2
Suppose -5*m = -0*m. Suppose m*a = 2*a - 4, 4*k - a - 18 = 0. What is the remainder when 9 is divided by k?
4
Suppose -4*o = -2756 - 244. Suppose -b = 4*b + o. What is the remainder when 16 is divided by 2/(-8) + b/(-24)?
4
Suppose 6*k = 3*k - 3. Let b = -27 - -17. Let t = k - b. Calculate the remainder when t is divided by 5.
4
Let t = -14 - -10. Let o be (t/(-5))/((-2)/5). What is the remainder when 7/((-9)/(-4) + o) is divided by 15?
13
Suppose -l = l - 10. Suppose 6*i - 15 = 3*i. Suppose -2*y + i*y - 34 = -5*c, -1 = c. What is the remainder when y is divided by l?
3
Let g(r) = 9*r**2 + 7. Calculate the remainder when g(3) is divided by 18.
16
Suppose -4*g + 72 = -v, g + 0*v - 2*v - 25 = 0. Let l(h) = -2 + 8*h**2 + 2 - 4 - h**3 + 10*h. Calculate the remainder when g is divided by l(9).
2
Suppose -c + 4*c - 24 = 0. Let g = 9 + 21. What is the remainder when g is divided by c?
6
Suppose 5*o + 16 = 3*c - 34, c + 6 = -4*o. Suppose -4*j - 29 = -5*j. What is the remainder when j is divided by c?
9
Suppose 3*l - 92 = -l. Let c(g) be the second derivative of -g**5/20 - g**4/6 - g**3/6 - 2*g**2 + 2*g. Calculate the remainder when l is divided by c(-3).
7
Let c(p) = -p**3 - 5*p**2 - 3*p + 1. Let z be c(-5). Suppose z = 5*b - 29. Calculate the remainder when b is divided by 4.
1
Suppose 5*f - 129 = 3*p, -3*f + 5*p = -8*f + 105. Let t = 144 - 74. Calculate the remainder when t is divided by f.
22
Let y be (4 + -8)/(4/6). What is the remainder when 74*(-2 + (-15)/y) is divided by 13?
11
Suppose -12 + 180 = 6*c. Let o(i) = -i + 5. Calculate the remainder when c is divided by o(-5).
8
Let x(a) = -2*a + 14. Calculate the remainder when 37 is divided by x(-4).
15
Suppose -w + 5 + 0 = -4*u, -5*u = 3*w - 15. Suppose 65 = 5*f - i, -3*i + 8*i = -4*f + 52. Calculate the remainder when f is divided by w.
3
Suppose -3*u = h - 6*h + 2, -5*h + 3 = -2*u. Let n be (h + -1)*(-1)/(-1). Suppose n = -2*q + 54 - 6. What is the remainder when 70 is divided by q?
22
Suppose -3*x = -3*b + 4*b - 78, -78 = -3*x - 2*b. Suppose -5*u + 9 = -376. Calculate the remainder when u/((2/(-2))/(-1)) is divided by x.
25
Let z = 0 - 7. What is the remainder when 2/(-7) - 44/z is divided by 4?
2
Suppose 4 = -l + 2. Let g(w) = -w**2 - 3*w - 2. Let b be g(l). Calculate the remainder when 17 is divided by (-6)/(1 - (2 + b)).
5
Let w = -7 - -11. Suppose w*u = 14 + 14. What is the remainder when 13 is divided by u?
6
What is the remainder when 33 is divided by 5/(-10)*144/(-4)?
15
Suppose -q = -5*q, -5*q - 15 = -3*n. Let r(d) = -d**2 + 6*d + 5. Let m be r(6). Suppose 0 - m = -n*i. What is the remainder when 1 is divided by i?
0
Suppose -3*y + 0*y + 27 = 0. Suppose -2*c + 53 = -y. Calculate the remainder when c is divided by 11.
9
Let a be (9/2)/(-1)*12. What is the remainder when 33 is divided by ((-4)/6)/2*a?
15
Let p = 29 - 20. What is the remainder when 17 is divided by p?
8
Suppose -2*s - s = -228. Calculate the remainder when s is divided by 16.
12
Let u = 48 + -41. What is the remainder when 221 is divided by u?
4
Suppose -57 = -5*n + 2*n. Let r(g) = 10*g + 25. What is the remainder when r(3) is divided by n?
17
Suppose 0 = 5*i + 2*z - 28, -2*z - z = 5*i - 27. Suppose -q - 2*q = -48. What is the remainder when q is divided by i?
4
What is the remainder when 59/2 + 1/(-2) is divided by (2 - 19/(-3))*(-12)/(-10)?
9
Let k = -12 + 19. Suppose k*o - 2*o + 5*z - 135 = 0, -3*z - 69 = -3*o. What is the remainder when o is divided by 9?
7
Let p(n) = -3*n**2 + 2*n - 6. Let a(q) = q**2 - q + 1. Let t(y) = 6*a(y) + p(y). Calculate the remainder when t(4) is divided by 11.
10
Calculate the remainder when 48 is divided by (-3 + -14)*1/(-1)*1.
14
Suppose -2*f = t - 24, 3*t - 4*f = -